y?
5
Let u be 750/4 - (-55)/22. Suppose -186*m + u*m = 116. Let k(i) = 231*i**3 + 2*i**2 - 2*i + 1. Let t be k(1). Calculate the greatest common factor of m and t.
29
Suppose -3*v + 8*v = 2*d + 14, d = 2*v - 5. What is the highest common divisor of 21 and d?
3
Suppose -4*n = -4*t + 40, -4*n = -3*t - 17 + 57. Let v = n + 25. Let d = 150 + -90. What is the greatest common factor of v and d?
15
Let t(h) = -h + 1. Let m be t(-11). Suppose -3*d + 4*b = -268 + 36, 0 = -3*d + 2*b + 242. What is the highest common divisor of m and d?
12
Let p = 593 + -571. Suppose 3*u - u - 484 = 0. Calculate the greatest common factor of u and p.
22
Suppose 0 = 9*h - 54 - 45. Calculate the highest common divisor of 44 and h.
11
Suppose 4*d + 4 = 0, -v + 0*d = 5*d - 1055. Calculate the highest common factor of 20 and v.
20
Let o(p) = 4*p**2 - 5*p - 26. Let d be o(-3). What is the greatest common divisor of d and 225?
25
Let i be 6 + -3 - (0 - 1). Suppose 0 = i*x - 47 - 513. Calculate the highest common factor of x and 28.
28
Suppose -v + 2 = -1. Suppose v*z - 228 = -84. Suppose 2*a + 20 = 7*a, 0 = -3*u + 3*a + 36. Calculate the highest common divisor of u and z.
16
Let p be (-1480)/(-45) + 6/54. What is the greatest common divisor of p and 825?
33
Let k(n) = -n**3 + 8*n**2 + 7*n + 20. Let j be k(9). Suppose -4*c - 4*q = q - 288, 144 = j*c - 4*q. What is the greatest common divisor of c and 48?
24
Suppose -62*z + 64 = -54*z. Calculate the greatest common divisor of z and 12.
4
Let b(j) = 5*j + 1. Let c = 9 + -7. Let m be b(c). Let v be m + 2/6*3. Calculate the greatest common divisor of v and 60.
12
Let l(w) = -w + 5. Let t be l(3). Suppose 3*p - 134 = -t*p + k, 2*k = -3*p + 70. What is the highest common divisor of p and 78?
26
Let h be 21/(-2)*(-8)/12. Suppose q - h = -2*c, 2*q - 14 = c + 6*q. What is the highest common factor of 10 and c?
2
Let u = 989 + -751. What is the highest common factor of 42 and u?
14
Suppose -v = -o - 148, 4*v - o - 67 = 519. Let m = v - 2. Let f(q) = q**2 - q + 18. Let g be f(0). Calculate the highest common divisor of g and m.
18
Let s(a) = -2*a**2 - 26*a + 21. Let b be s(-13). Calculate the greatest common factor of 84 and b.
21
Let r(g) be the second derivative of -55*g**3/6 + g**2 + 10*g. Let k be r(-1). What is the highest common divisor of 19 and k?
19
Let n be 63/24 + (-15)/(-40). Suppose -49 = -4*v - n*i, 0 = -i - 3 - 2. What is the highest common divisor of 128 and v?
16
Let k = -15 - -26. Suppose 8*g - 4 = 6*g. Suppose -2*f - 62 = -g*i, -i - 4*f + 43 = f. Calculate the highest common divisor of k and i.
11
Let k be 0 + -3 - (-376 + -8)/6. Calculate the highest common factor of k and 183.
61
Let h = 168 + -150. What is the greatest common divisor of 306 and h?
18
Let m(l) = -11*l - 188. Let d be m(-18). Calculate the highest common factor of 290 and d.
10
Let h(o) = -3*o + 4. Let w be h(-3). Let b = -9 + w. Suppose 2*i - 30 + 9 = -3*j, -b*i - 2*j = -46. Calculate the highest common divisor of 18 and i.
6
Let f(g) = g**3 - 13*g**2 + 13*g - 12. Let m be f(12). Suppose m = s + 3*t - 20, 4*t = 2*s + 2*s. What is the greatest common factor of s and 40?
5
Let x = 1345 + -1273. Calculate the highest common factor of x and 264.
24
Suppose 9*v = 8*v - 3*q + 523, -3*v = -4*q - 1608. What is the highest common divisor of 28 and v?
28
Suppose 0 = -6*z + 295 + 305. Calculate the greatest common factor of 4 and z.
4
Suppose -5*c + 18*c - 5135 = 0. Calculate the highest common divisor of 316 and c.
79
Let i(p) be the third derivative of p**6/120 + p**5/12 - p**4/12 - 2*p**3/3 - 5*p**2. Let n be i(4). What is the highest common factor of 12 and n?
12
Let r(b) = -b**3 - 32*b**2 + 84*b - 6. Let z be r(-35). What is the highest common factor of 9 and z?
9
Let k = -85 + 94. Suppose -14*s + 50 = -k*s. Calculate the highest common factor of 10 and s.
10
Suppose -4*o = -0*o - 16. Suppose 0 = 6*h + 2 + o. Let r(j) = -32*j + 1. Let a be r(h). What is the highest common factor of 66 and a?
33
Let n be 4 + 1 - (-4)/((-12)/9). Suppose -a - 31 = -n*k - 0*a, -4*a = 12. What is the greatest common factor of k and 7?
7
Let x be (137/(-1) + (-2 - 3))*-8. What is the highest common factor of x and 16?
16
Suppose 5 = -2*d + 53. Let z(b) = -b**2 + 12*b - 19. Let g be z(9). Calculate the greatest common divisor of g and d.
8
Let p(u) = -u**2 - 17*u + 10. Let x be p(-13). Suppose -v - 4*b = -24, -4*v - 2*b = -v - x. Calculate the highest common divisor of 80 and v.
20
Let i(o) be the third derivative of 43*o**4/24 + o**3 - 9*o**2. Let c be i(3). Calculate the highest common factor of c and 27.
27
Suppose -45 = 12*h - 17*h. Let p(r) = 71*r**3 + r**2. Let u be p(1). What is the greatest common divisor of u and h?
9
Let r = 1 + 6. Let v = -1301 + 1329. What is the greatest common factor of r and v?
7
Let y(o) = 390*o - 271. Let v be y(5). Calculate the highest common factor of v and 73.
73
Let p = 2 - -3. Suppose x - u + 4 = 0, 0*x + p*x = u - 20. Let g be 55 + (0/x)/3. Calculate the greatest common divisor of 5 and g.
5
Let i(p) = 7*p + 11. Let b be i(10). Let w be (-3)/((-3)/4) + 434/31. Calculate the greatest common divisor of w and b.
9
Let b(z) = 25*z + 82. Let q be b(-2). What is the greatest common factor of 88 and q?
8
Let n be 4/(-5) + (-112)/(-40). Suppose -n*s = -33 + 13. Calculate the greatest common factor of s and 110.
10
Let o be 7/(-4 + 25)*75. Calculate the highest common factor of o and 4.
1
Let k(j) = j**2 - 3*j + 1. Let x be k(4). Suppose 0 = -x*o + o. Suppose -2*p + 4 + o = 0, 4*p = 2*b - 6. What is the highest common factor of 35 and b?
7
Let x = -835 + 1196. What is the greatest common divisor of 38 and x?
19
Let i be (-1232)/36 + 4/18. Let a = 49 + i. Let t be (10/(-4))/(3/(-90)). What is the highest common divisor of t and a?
15
Suppose 0 = -18*s + 15*s + 12. Let h be ((-10)/(-8))/(s/16). Let q be (-15)/(-2 + h/4). What is the highest common factor of q and 20?
20
Suppose -15*z = 1429 - 3544. What is the highest common factor of z and 94?
47
Let t(p) = p**3 + 6*p**2 + 3*p. Suppose 6 = -5*y - 2*z, -5*y = -2*z + 15 - 1. Let a be t(y). Let q = -259 - -369. What is the highest common divisor of q and a?
10
Let t = -718 - -746. What is the greatest common factor of 700 and t?
28
Suppose 9 = 3*l - 5*m, 6 = l + l + 4*m. Let h be 57/6 - l/6. Calculate the highest common divisor of 1 and h.
1
Let b(m) = 2*m**2 - 7*m - 17. Let a be b(7). What is the greatest common factor of 272 and a?
16
Let s be 13 + ((-88)/(-11) - 10). Calculate the greatest common factor of s and 55.
11
Suppose -2*r + 3*j + 42 = 0, -4*j - 78 = -4*r - j. Suppose 0 = 8*k - 6*k - 180. Calculate the highest common divisor of k and r.
18
Let s be (-7)/(-3) - (-8)/12. Suppose -s*g + 8*g - 55 = 0. What is the greatest common factor of 44 and g?
11
Suppose 0 = 5*m, -5*h - 4*m - 635 - 920 = 0. Let q = h + 575. Calculate the greatest common divisor of q and 33.
33
Suppose -45*v = 137 - 1487. Calculate the greatest common factor of v and 130.
10
Let l be (1 - 9/4)*-4. Let x = -555 + 590. Calculate the greatest common factor of l and x.
5
Let c(l) = 3*l**2 + 6*l + 3. Let d be (-61)/5 - (-1)/5. Let k be (-18 - d) + 0/2. Let b be c(k). Calculate the highest common divisor of 15 and b.
15
Suppose -23*m = -22*m + 95. Let l be ((-684)/m)/((-2)/(-5)). What is the highest common divisor of l and 126?
18
Let f be (15 - 1) + 184/(-23). Calculate the highest common factor of 60 and f.
6
Suppose -24*g = -27*g + 5*h + 107, 3*g - 4*h = 109. Calculate the highest common divisor of g and 208.
13
Let w(k) = -k**3 + 5*k**2 + 14*k - 7. Let i be w(6). Let c = i - -11. Calculate the highest common factor of c and 26.
26
Let a = -4 + 7. Suppose -42 = -a*x + 48. Let k(l) = -l + 9. Let t be k(3). Calculate the greatest common factor of t and x.
6
Let m(t) = 69*t - 96. Let r be m(6). Calculate the greatest common divisor of 6 and r.
6
Suppose 15 = 5*r, -2*r = 3*m + m - 18. Let a be (1/m)/(8/288). What is the highest common factor of a and 8?
4
Let v(g) = g**2 + 11*g - 12. Let c be v(-17). Suppose 0 = -5*j, -18 = -r - 0*j + 4*j. Calculate the highest common divisor of r and c.
18
Let x be (-1185)/(-4) - (1/4 - 0). Suppose -9*r = 7 - 340. Calculate the greatest common divisor of r and x.
37
Suppose 2*g = 7*g + 25, -5*